(z) = z**3 - 5*z**2 + 2*z - 16. What are the prime factors of m(7)?
2, 3
Suppose 135 = 7*n - 2*n. What are the prime factors of n?
3
Suppose g = -g. Suppose a + 8*q - 3*q = g, 0 = -a - 4*q + 1. List the prime factors of a.
5
Let u(b) = -1 + 2*b + 3 + 1 - 2. Let d be u(-2). What are the prime factors of 7 - 4*d/(-6)?
5
Let r(x) = -10*x - 3. Let o be r(-4). Let b = o + -17. List the prime factors of b.
2, 5
Let o(d) = -25*d - 39. List the prime factors of o(-18).
3, 137
Suppose 6*c - 153 = -3*c. What are the prime factors of c?
17
Let b = -10 - -15. Suppose -4*v = p + 11, 0 = -3*v - b*p - 3 - 1. List the prime factors of (-2)/1*(v - 3).
2, 3
Suppose -6*n + 3*n = -6. Suppose -2*u = -5*b - 4 - 4, 8 = -b + n*u. Suppose 9 = 2*l - 3*d - b*d, 0 = -l - d + 7. List the prime factors of l.
2, 3
Suppose 5*s = s + 12. Suppose 3*n - l = -0 - 7, -4*l = s*n + 2. What are the prime factors of (-6)/12 - 25/n?
2, 3
Suppose r - 4*o = 41 + 9, -2*o = -5*r + 196. What are the prime factors of r?
2, 19
Let v be (-6)/(-4)*(-64)/(-24). Suppose 0 = 2*c + 5*l + 73 - 28, -57 = 3*c + v*l. Let r = c + 33. List the prime factors of r.
2, 3
Suppose -93 = -9*a + 177. List the prime factors of a.
2, 3, 5
Let p = 105 - 10. Suppose 0 = 5*r - 0*r - p. List the prime factors of r.
19
Suppose 0*j = 3*j. Suppose j = -3*s + 27 - 6. Let a = s - 3. List the prime factors of a.
2
Suppose 3*h = -0*h - 24. Let y be (2 - 14)/(h/20). Suppose 6 = -3*n + y. List the prime factors of n.
2
Suppose 3*h + 5*k - 286 = -111, -2*k = 8. List the prime factors of h.
5, 13
Let a(h) = -h**2 - 8*h + 6. Let i be a(-6). Let b = i + 0. List the prime factors of b.
2, 3
Suppose 2*j + 2*b = 16, -4*b + 4 - 21 = -3*j. Let k(i) = -i**2 + 4*i - 2. Let x be k(j). Let r = -14 - x. List the prime factors of r.
3
Suppose 24 = -4*r + 2*j, 0*j - j + 7 = -r. Let w be (-7)/(-2) + 54/(-36). Let h = w - r. What are the prime factors of h?
7
Suppose -5*k - 3*l - 2 = 10, -5*k + 5*l - 20 = 0. Let q be 4 + (-2 - k) + -1. Suppose q*j - 2*j = 16. What are the prime factors of j?
2
Let p = 3 - 0. Let f(r) be the first derivative of r**4/4 - r**3/3 - 3*r**2/2 + 3*r - 7. List the prime factors of f(p).
2, 3
Let t(a) = -2*a - 4. Let v be t(-3). Suppose u = 2*u - v*b - 6, -u - 9 = -5*b. List the prime factors of u.
2
Let w be (-30)/(-5)*(5 - -1). Suppose m = -9 + w. List the prime factors of m.
3
Let j be 0/(-3 - (-2)/2). Suppose 5*i - 35 = -2*n - 0*i, n - 5*i + 20 = j. List the prime factors of n.
5
Let y(g) = g**2 + 4*g - 6. Let o be y(-6). Let f be ((-3)/o)/(2/(-96)). Suppose -4 = 4*x - f. List the prime factors of x.
5
Let w = -56 + 28. Let k = 52 - 13. Let p = w + k. List the prime factors of p.
11
Suppose o - 7 = -0. Let f be 26/o + (-6)/(-21). Let y = f - 1. List the prime factors of y.
3
Suppose -3 = 2*n + 19. Let h = n - -15. Suppose 0 = 4*m - h*q - 16, 4*m = -q + 4*q + 18. List the prime factors of m.
2, 3
Suppose 2*c - 443 = 5*d, -3 + 6 = 3*d. List the prime factors of c.
2, 7
Let a(z) = -2. Let i(d) = d. Let k(u) = -a(u) - i(u). Let c be k(2). Suppose -q + 2 = -c. What are the prime factors of q?
2
Let k(y) = y**3 + 12*y**2 - y + 1. Let d(o) = o**3 + 11*o**2 + 2. Let h(x) = 5*d(x) - 4*k(x). What are the prime factors of h(-6)?
2, 3
Suppose 0 = -10*t + 6*t + 312. What are the prime factors of t?
2, 3, 13
Suppose 4*q = 7*q - 327. List the prime factors of q.
109
Let l = 16 + -10. What are the prime factors of l?
2, 3
Let t be (-14)/(-8)*16/4. Suppose 3*m + 26 + t = 0. List the prime factors of (m/(-2))/(1/2).
11
Suppose 0 = -y - 3*y + 460. List the prime factors of y.
5, 23
List the prime factors of ((-3)/(-12)*0)/3 - -127.
127
Suppose 0 = 5*z - 4*z - 19. What are the prime factors of z?
19
Let i(m) = -2 + m**2 + 0*m**2 + 0*m**2 + 3 + 2*m. List the prime factors of i(-5).
2
Let s = -2 - -3. Let z = s - 1. Suppose z = 2*l - 6*l + 28. List the prime factors of l.
7
Let t(h) be the first derivative of -7*h + 5/2*h**2 + 2 + 1/3*h**3. List the prime factors of t(-7).
7
Let k(v) = -v**3 + 4*v**2 - 3*v + 2. Let a be k(3). Suppose 10 - 25 = -3*r. List the prime factors of (a - 3)/1 + r.
2
Suppose i - 3*j + 1 + 8 = 0, 2*j = -4*i + 34. Let b(w) = w + 2. What are the prime factors of b(i)?
2
Let k = -5 - -41. What are the prime factors of k?
2, 3
Suppose 0*c = -3*c + 108. What are the prime factors of c?
2, 3
Let w = -114 + 160. Let p = w - 8. Suppose 3*y - 58 = -2*h + y, 2*h - 2*y = p. What are the prime factors of h?
2, 3
Let i(q) = -q + 5 + 3*q - 2*q - q. List the prime factors of i(-6).
11
Suppose -3*s + 74 = u, 2*s - 3*s - 4*u + 10 = 0. Suppose 3*r = w - s, 0*r = 2*w + 3*r - 7. Let f = w + -7. List the prime factors of f.
2
Suppose 0 = -3*t + 6*t - 27. Suppose -t = -2*z + 5. Let q = z + 5. List the prime factors of q.
2, 3
Suppose -135 = -8*m + 3*m. Let w = -14 + m. List the prime factors of w.
13
Suppose -2*j - 4 = -4*j. Let b(z) = -j + z**3 + 2*z + 0*z + 4*z**2 + 0*z. What are the prime factors of b(-2)?
2
Let a(x) = -x**3 + 4*x**2 + 2*x - 6. Let d be a(4). Let v be ((-1)/d)/(1/(-2)). Let s(r) = 5*r**2 + r - 1. What are the prime factors of s(v)?
5
Let k(w) be the second derivative of w**3/6 - 3*w**2/2 - 2*w. List the prime factors of k(6).
3
Let x = 4 - -60. Suppose -3*t + 5*d = 4, 0*d + 8 = 3*t + d. Suppose 0 = -4*q - 16, -5*l + 39 = -t*q - x. List the prime factors of l.
19
What are the prime factors of 14/(-28) - 25/(-2)?
2, 3
Suppose 5*l - 2*g - 47 = 0, -3*l - 2*g = -3*g - 29. Let m = l - 8. List the prime factors of m.
3
Let q(c) = c**3 - 13*c**2 + 14*c + 4. List the prime factors of q(12).
2, 7
Let k = 8 + -6. Suppose g + k*g - 78 = -3*b, g = -2*b + 22. List the prime factors of g.
2, 3, 5
Let n(z) = 3*z**2 + 3*z + 3. Let x(b) = -b**2 - b - 1. Let u = 4 - -4. Let r(p) = u*x(p) + 3*n(p). What are the prime factors of r(2)?
7
Let c(w) = -19*w**2 - 1. Let q be c(-1). Suppose -y - 4 + 18 = 3*l, 2*y - l = 0. List the prime factors of (1/(-2))/(y/q).
5
Suppose -3*j = m - 13, 0 = -3*m + 5*j + 1 - 4. Suppose 5*k = -z - 46, 2*k - m*k = 4*z + 130. Let i = -18 - z. List the prime factors of i.
13
Let l(s) = -6*s - 11. Suppose 0 = -0*v + 5*v. Suppose -3 = 3*x - 4*f, v = -3*x + 2*f - 3 - 6. List the prime factors of l(x).
19
Let r = 162 - 116. What are the prime factors of r?
2, 23
Suppose r - 48 = -r. List the prime factors of r.
2, 3
Suppose -2*x - 2*o - 682 = -4*o, -5*x - 1735 = 5*o. What are the prime factors of (6/(-4))/(12/x)?
43
Let r(o) = 3*o**3 - 5*o**2 - 6*o + 3. Let w(t) = 10*t**3 - 16*t**2 - 17*t + 9. Let p(i) = 7*r(i) - 2*w(i). What are the prime factors of p(5)?
13
Let q(f) = -9*f + 7. Let r(h) = -17*h + 13. Suppose -2*x = -4*p + 6 - 16, -4*x + 23 = -5*p. Let d(n) = x*q(n) - 4*r(n). What are the prime factors of d(2)?
7
Let s(t) be the first derivative of t**3/3 - 3*t**2/2 + 5*t + 8. What are the prime factors of s(7)?
3, 11
Let c(z) = -40*z - 4. What are the prime factors of c(-5)?
2, 7
Let q be 2 + -2*(-9)/6. Suppose 6*x - 3*x = q*w - 19, 0 = 3*x - 6. Let c = w - -7. List the prime factors of c.
2, 3
Let g(f) = f - 2. Let y be g(3). Let t = y + 1. Suppose 0 = t*r - 2 - 2. List the prime factors of r.
2
Let n be (-51)/(-3 + 6/4). Suppose -4*m = -3*k - 43 - n, 2*m = -k + 31. List the prime factors of m/2*(2 + 0).
17
Let y = -32 + 49. Let v = 8 - y. Let i = v - -17. List the prime factors of i.
2
What are the prime factors of (362/(-8))/(2/(-12 - -4))?
181
Let d(c) = c**2 - 7*c + 5. Let n be d(6). Suppose -3*a + 12 = a. Let h = a + n. What are the prime factors of h?
2
Let t(v) = -48*v - 2. Let z(m) = -m**2 + 10*m - 1. Let w be z(10). What are the prime factors of t(w)?
2, 23
Let k(m) = 0*m + 5 - m + m + 5*m. What are the prime factors of k(3)?
2, 5
Suppose i = 3*c - 2*i - 117, c + 5*i - 39 = 0. List the prime factors of c.
3, 13
Suppose 24 = o - 4*o. Suppose 0 = 4*m - 37 - 27. Let w = o + m. List the prime factors of w.
2
Suppose 3*o - 74 = -3*r + 4*o, -77 = -4*r - 3*o. Let j = r + -14. List the prime factors of j.
3
Let w(i) = -5*i**2 - 2 + 0*i**2 + 8*i + 6*i**2. Let d be w(-9). Suppose 2*v + d - 23 = 0. List the prime factors of v.
2
Let p = 9 - 4. Let c(z) = -3*z + 7. Let f(h) = 4*h - 7. Let b(i) = 3*c(i) + 2*f(i). List the prime factors of b(p).
2
Suppose 134 = 4*u + 2*n, n = -0*u - 3*u + 101. Let b = 18 + u. Su